undreds digit of b?
1
Let p(j) = -j**3 - 3*j**2 - j - 6. Let h be p(-3). Let f(t) = 44*t**2 - 40*t - 111. What is the tens digit of f(h)?
0
Let f = 403 - 397. Let t be (-6)/33 + 8122/22. What is the units digit of t/2*4/f?
3
Let g be 356/(-89) + (-1)/(-3 - -2). Let q(l) = -45*l - 13. What is the units digit of q(g)?
2
Let d(v) = -v**2 - v + 1. Let q be d(0). Suppose -3*w - q - 8 = g, -5*w - 37 = -2*g. Let a(j) = 2*j**2 - 8*j + 2. What is the tens digit of a(g)?
2
Let q be 22692/24 + -1*1/2. What is the tens digit of (4 + q/(-28))*-16?
7
Let d be 0 + 5/(20/32). Let t be -6*16/(-60)*20/d. Suppose 2*b = -t*w + 36, -4*b - 3*w = -4*w - 81. What is the tens digit of b?
2
What is the tens digit of (219/(-1))/(7 + (-451)/220 - 5)?
8
Let c = 10 + -10. Suppose -2*h - 5*m = -604, 5*h = -3*m - m + 1544. Suppose -h = -4*o - c*o. What is the units digit of o?
8
Let s(m) = 2583*m - 3125. What is the thousands digit of s(15)?
5
Suppose -4571399 = -196*p + 2619253. What is the tens digit of p?
8
Suppose -1552*b = -1563*b + 227920. What is the thousands digit of b?
0
Suppose 54*g - 84272 = -63*g + 101*g. What is the units digit of g?
7
Let w be -2 + (-6538)/(-10) + (-4)/(-20). Let r = w - 170. What is the hundreds digit of r?
4
Suppose 4*v = 3*c + c + 224, v - 72 = 5*c. Suppose 5424 = v*t - 44*t. What is the tens digit of t?
7
Suppose 0 = -4*p + z + 44500 - 5728, -3*p + 4*z = -29079. What is the thousands digit of p?
9
What is the tens digit of -12*26/312*-21057?
5
Suppose -18 = 3*u + 18. Let l = u - -14. What is the tens digit of (l + 5)*(1 - -20)?
4
Suppose -46 = -4*o - 166. Let n be (-13 - 1)/((-8)/(-12)). Let q = n - o. What is the units digit of q?
9
Suppose 0 = -2*i + 6, -19300 = -5*j + 3*i + 43251. What is the ten thousands digit of j?
1
Suppose -4*j = -6*r + 8*r - 22, 5*j + 3*r = 29. Suppose -340 = -j*t + 5*q, -6*t + t = 5*q - 380. What is the units digit of t?
0
Suppose -999505 = 22*m - 10*m - 77*m. What is the ten thousands digit of m?
1
What is the hundreds digit of 15168/2 + (42/15)/((-38)/95)?
5
Let a = 25336 - 14690. What is the thousands digit of a?
0
Suppose -685*y + 818*y - 4098927 = 0. What is the thousands digit of y?
0
Suppose -o + 517*r = 520*r - 8108, 8103 = o - 2*r. What is the thousands digit of o?
8
Let y(j) be the first derivative of 21*j**2 + 30*j + 3. Let s(u) = -21*u - 15. Let x(t) = -9*s(t) - 5*y(t). What is the units digit of x(-4)?
9
Let r = 10590 - 6044. What is the tens digit of r?
4
Let t be ((-354)/4)/(4 - 328/80). Suppose 0 = -9*u + t + 1221. What is the tens digit of u?
3
What is the hundreds digit of (((-12)/(-4))/15)/((-38)/(-10036370))?
8
Let b = 47 + -47. Suppose b = 12*u - 9*u - 855. Suppose 5*c - u = -w - 4*w, 0 = 2*w - 3*c - 124. What is the tens digit of w?
5
Let j(i) = 6*i**3 + 2*i - 2. Let r be j(2). Let a = r - -48. Suppose -24 - a = -h. What is the hundreds digit of h?
1
Let j(z) = -z**3 - 5*z**2 - z. Let u be j(-5). Suppose 2*l = -b + 5, -b - 5*l = -4 + u. Suppose 4*t - b*t = -560. What is the units digit of t?
2
Let p = 9734 - 3454. What is the thousands digit of p?
6
Suppose 5*r + 2*p + 1366 + 1953 = 0, 2645 = -4*r - 5*p. Let o = -421 - r. Suppose o = 2*t - 0*t. What is the units digit of t?
2
Let u(j) = -j**3 + 43*j**2 - 102*j - 285. What is the tens digit of u(32)?
1
Let q = 6041 + 400. What is the thousands digit of q?
6
Let d be 24/180 - (-626)/30. Let j(u) = -3*u + 67. Let s be j(d). Let w(i) = 8*i**2 - 7*i - 8. What is the units digit of w(s)?
2
Let h = -14535 - -30857. What is the hundreds digit of h?
3
Let d(z) = z**3 + 5*z**2 - 13*z + 4. Let r be d(-7). What is the hundreds digit of (4 - 347/r)/(2/12)?
7
Let h be 220*(-5 + 6)*-2. Let x = -214 - h. What is the tens digit of x?
2
Let j(k) = 2*k**2 + 5*k - 4. Let v = 17 + -15. Let s be v + -2 - (-7 - -2). What is the units digit of j(s)?
1
Let x be (-4)/(-6) + -1 + (-32)/(-96). Suppose 2*c + 47 + 5 = x. What is the tens digit of (368/(-312) - (-4)/c)*-60?
8
Suppose -a + 195 - 739 = 0. What is the tens digit of (-5 + a)*(-8)/12?
6
Suppose 3724 = 34*i - 30*i. What is the units digit of i?
1
What is the thousands digit of 3/(36/(-1068))*-148?
3
Let r = 714 - 776. What is the thousands digit of 5290/4 + 93/r?
1
What is the tens digit of -12*-4*(-6)/(-72) + 6137 - -1?
4
Suppose 10*k + 336 = 17*k. Suppose -4*d = -3*z - 424, 0 = -5*d + 4*z + k + 481. What is the units digit of d?
9
Let y(b) = b**2 - 7*b - 7. Let m be y(-6). Suppose -15*l - 4*n + 80 = -17*l, 5*l - 4*n + 230 = 0. Let f = m - l. What is the hundreds digit of f?
1
Let t = -4 - -8. Let g(r) = r**3 + 7*r**2 - 14*r + 18. Let b be g(-10). What is the tens digit of (6/t - 2)*b?
7
What is the hundreds digit of 0 - (2 + 54/(-24)) - 85317/(-12)?
1
What is the units digit of 8056/5 - (-18)/(-15)?
0
Let c = -55 + 227. Suppose -c = -15*z + 908. What is the hundreds digit of (z/21)/((-20)/(-910))?
1
What is the units digit of 324*(-468)/(-48) + -5?
4
Suppose 0 = 46*s - 50*s - w + 93369, 2*s + 5*w = 46653. What is the hundreds digit of s?
3
Let i = -34 - -8. Let t = 368 - i. Suppose -5*u + 321 = -t. What is the tens digit of u?
4
Suppose 7*h - 10*h = -8 + 2. Let a = 1 - -1. Suppose -h*p - 5*v = -269, -v - a - 738 = -5*p. What is the hundreds digit of p?
1
Let o(u) = -2*u - 4. Let y be o(-8). Let d = 262 + 478. Suppose 7*x + d = y*x. What is the tens digit of x?
4
What is the thousands digit of (3 + 7)*(-28576)/(-64)?
4
Suppose -22432 = -2*p + 4*a, -p - 3023 = a - 14233. What is the tens digit of p?
1
Let q(o) = 276*o + 31. Let s(h) = 281*h + 32. Let u(x) = -2*q(x) + 3*s(x). What is the units digit of u(3)?
7
Suppose -4*v = -3*p + 6282, -2*p - 4*v = 3*p - 10406. What is the hundreds digit of p?
0
Suppose -c + 28268 = 3*c + 4*w, -35305 = -5*c + w. What is the units digit of c?
2
Let d be 4 + 2*12/8. Suppose -3*c + 44 = -d. Suppose -2*q + c + 55 = 0. What is the units digit of q?
6
Let b = 82 + -85. Let m be -2*(-3)/b*-1. Suppose -206 = -y + m. What is the tens digit of y?
0
Let m(w) = 137*w**2 - 34*w - 70. What is the units digit of m(-8)?
0
Suppose -u + z = -5, -5*z + 3*z = -4*u + 10. Suppose u = 15*t - 0*t - 12795. What is the hundreds digit of t?
8
Let m = 2057 + 939. What is the hundreds digit of m?
9
Suppose 1192 - 4715 = 13*t. Let v = -269 - t. What is the units digit of v?
2
Let l = -9 - -9. Suppose -3*o - o + 572 = -4*z, l = -o - 5*z + 131. Suppose 105 + o = 3*g. What is the units digit of g?
2
Let u be 15*2/12*2. Suppose u*l - 2775 = -5*j, 18*j - 2781 = 13*j + l. What is the tens digit of j?
5
Let u(m) = -m**3 + 36*m**2 + 34*m + 387. What is the tens digit of u(25)?
1
Let x(a) = 7*a - a - a + 51 - 7*a. Let z be x(24). What is the units digit of (2 + (-1)/z)/((-5)/(-60))?
0
Suppose -2*r - 8 = -m, -r + 1 = -2*m + 8. Let o be r/(-6) + (75/6)/5. Suppose b + 5*y = 9, y + o*y + 190 = 5*b. What is the units digit of b?
4
Suppose 1560 = -10*f + 120. What is the units digit of (-38340)/f + 2/(-8)?
6
Suppose -20*a + 16*a + q + 17 = 0, -5*a + 23 = -3*q. Suppose -a*y + 5*k + 987 = 2*k, 2*k - 244 = -y. What is the units digit of y?
6
Let z = -5637 + 9576. What is the hundreds digit of z?
9
Suppose -2*q - 8 + 25 = 3*j, -2*j = -2*q - 8. Let s(y) = 23*y**3 - 47*y**2 + 13*y - 10. What is the thousands digit of s(j)?
1
Let t be ((312/(-9))/(-4))/((-2)/(-15)). Suppose -11*v = -t + 263. Let w = v - -52. What is the units digit of w?
4
Let i(d) = -2*d**3 - 29*d**2 + 22*d - 363. What is the tens digit of i(-27)?
6
Let n(h) be the second derivative of 17*h**5/10 + h**4/3 - 11*h**3/6 + 13*h**2/2 + 114*h. What is the tens digit of n(2)?
7
Let k(a) = -301*a + 695. What is the thousands digit of k(-37)?
1
Let n = -310 - -317. Suppose n*p + 240 = 23*p. What is the units digit of p?
5
Suppose 3*r - 157 = 4*g, 2*r = -4*g + 3*g + 123. Suppose -r*w = -53*w - 3360. What is the tens digit of w?
6
Let f(u) = 6*u - 15*u - 17 - 35 + 12*u. Let v be f(18). Suppose 213 = v*g - 227. What is the units digit of g?
0
Let u = 16062 + -7265. What is the hundreds digit of u?
7
Suppose 4*w = -5*p + 5850, -109*p + 3*w + 5885 = -104*p. What is the units digit of p?
4
Let p(t) = -776*t - 42. Let m be p(-4). Suppose 4*z = 4*a - 230 + m, 2*z - 1428 = -a. Suppose 15*j = 11*j + z. What is the tens digit of j?
7
Let f(k) = -k**3 + 9*k**2 + 10*k + 2. Let